prime factors of l(9)?
47, 67
Let z = 657 - -127. What are the prime factors of z?
2, 7
Suppose -12*b = -7*b - 420. Suppose -3*f - f = p - 63, -3*f = -p + b. List the prime factors of p.
3, 5
Suppose 3*x = -f + 8*x + 119, -4*x = -f + 118. What are the prime factors of f?
2, 3, 19
Let c(x) = -x**2 + 7*x + 5. Let k be c(8). Let w(y) be the second derivative of y**5/20 + y**4/2 + y**3/6 - 3*y**2/2 + 13*y. What are the prime factors of w(k)?
3, 7
Suppose 31*u - 35*u - 4*p = -14572, -10927 = -3*u - 5*p. What are the prime factors of u?
2, 911
Let o(g) = -1. Let x(c) = c + 4. Let j(y) = 4*o(y) + x(y). Let t be j(-6). Let f(q) = q**3 + 6*q**2 - 2*q + 7. What are the prime factors of f(t)?
19
Suppose -3*l = 8*b - 3*b - 1039, 3*b = 4*l - 1337. List the prime factors of l.
2, 13
Let d(j) = 29*j**2 - 6*j - 5. Let z be d(5). Suppose 108 = -3*w + 2*v + 526, -2*v - z = -5*w. Suppose a + 3*a = w. List the prime factors of a.
2, 17
Let h(i) = 2*i**3 - 8*i**2 - 20. Suppose -4*o = -4*b - 28, 10 = 5*o + b - 19. List the prime factors of h(o).
2, 31
Let i(l) = 19*l**2 - 2*l - 36. What are the prime factors of i(5)?
3, 11, 13
Let q(m) = -5*m**2 + 2*m**3 - 3*m**3 - 4 - 7*m + 14*m**2. Let b = 4 - -4. List the prime factors of q(b).
2
Let i be 10/55 - (-383)/11. Suppose -125 - i = -5*z. List the prime factors of z.
2
Suppose -j = 5*y - 10*y + 2007, j = 2*y - 801. What are the prime factors of y?
2, 3, 67
Let f(o) = -o**2 + 9*o - 4. Let w be f(4). Suppose t + t = -w. List the prime factors of (-63)/(-12) + 2/t.
5
Let w(b) be the first derivative of -7*b - 1/3*b**3 - 4*b**2 + 8. List the prime factors of w(-5).
2
Suppose 0 = -2*j - 2*s + 10, -4*j + 9*j = 4*s - 2. Suppose 4*f - w = 541, -183 - 80 = -j*f - w. What are the prime factors of f?
2, 67
Suppose 0 = 5*i - 2*w - 45, 0 = 4*w - w. Suppose 146 = 4*z + 10. Suppose z = i*a - 7*a. What are the prime factors of a?
17
Let i = -2 - -4. Suppose -66 = -2*j + 5*n, -4*n + 0*n + 84 = i*j. Suppose j = -4*a + 214. What are the prime factors of a?
2, 11
Let d be (-13)/39 - 98/(-6). Suppose 4*t - p - d = 0, -5*t + 5*p = -4*t - 23. Suppose -f = -t*f + 72. List the prime factors of f.
2, 3
Suppose -10*b + 16511 = -16439. List the prime factors of b.
5, 659
Let v(m) = 14*m + 11. Let b be v(-10). Let j = 228 + b. What are the prime factors of j?
3, 11
Let l(p) = -p**3 + p**2 - 2*p + 4133. What are the prime factors of l(0)?
4133
Suppose 19 - 284 = -5*l. Let i = l + -28. Suppose 2*h + 0*p + p - i = 0, -2*p = 5*h - 65. List the prime factors of h.
3, 5
Suppose -3*k - 5193 = -3*r, -8*r = -10*r + k + 3458. What are the prime factors of r?
11, 157
Suppose 2*q = 5*p + 68, p + 20 = 4*q - 8. List the prime factors of (52/p)/((-1)/3).
13
Let r be ((-4)/18)/(1/(-9)). Let m be (7/r)/((-1)/(-6)). List the prime factors of -14*(m/(-6) + 2).
3, 7
Suppose 12 = 4*m, -2*h + 10 = -h + 2*m. Let x be 66/14 + h/14. Suppose 0 = c - x*c + 36. List the prime factors of c.
3
Suppose 5*o - 1981 = -4*p, -27*p = -31*p + 4*o + 2008. List the prime factors of p.
499
Suppose 90*o - 1323 = 125307. What are the prime factors of o?
3, 7, 67
Let n(k) = k**3 - 29*k**2 - 55*k - 30. Let x be n(31). Suppose q + 12 = 2*h + x, h = 3. What are the prime factors of q?
181
Suppose 0 = -2*f - 2, 3*y - 2*f - 7103 = 6510. List the prime factors of y.
13, 349
Let h(i) = 44*i**2 + 4 - 4. Let p = 6 + -5. What are the prime factors of h(p)?
2, 11
Let x(i) = -i**3 - 5*i**2 - i. Let g be x(-5). Suppose -114 = -g*d + 211. What are the prime factors of d?
5, 13
Let q be 4 + 1/(-2) + (-2)/4. What are the prime factors of (-70 - (-2 - 1))*(-3)/q?
67
Let o = 14 - 14. Suppose 0 = -5*n + 2*q + 12 - o, -n = 5*q + 3. Suppose -3*h + 4*f = -27, -2*h - n*f - f = -18. What are the prime factors of h?
3
What are the prime factors of ((-1192)/(-10))/((-19)/9975*-21)?
2, 5, 149
Let u(i) = 0*i + 11*i**2 - i - 2*i. List the prime factors of u(-2).
2, 5
What are the prime factors of -2 + 10257/18 - 2/(-12)?
2, 71
Let p be (-1)/(4/32) + -3. Let m(c) = -4*c + 12. Let v be m(p). List the prime factors of v/(-16)*(-5 + -1).
3, 7
Suppose 0 = -11*k - 202 - 84. Let s = 42 - k. List the prime factors of s.
2, 17
Let o(u) = 8*u + 4. Let h be o(-2). Let j(p) = p**3 + 11*p**2 - 15*p - 8. List the prime factors of j(h).
2, 7
Let d(w) = -4*w**2 + w**3 + 6*w + 2*w**3 + 2*w**2 - 5 + 3*w**3. List the prime factors of d(2).
47
What are the prime factors of 1/(1/1045 + (19 - 19))?
5, 11, 19
Let h = -330 - -642. Let l be h/(-18) + (-2)/3. What are the prime factors of l*(18/4)/(-9)?
3
Suppose 2*o = -4*w + 4*o + 18, w = -o + 9. Let s = 10 - w. Suppose -4*i + 78 = i - s*a, -2*i - a = -26. List the prime factors of i.
2, 7
Suppose 3*b - s = 12, -4*b = -s + 3*s - 6. Let t(z) = 2*z - 3. Let l be t(b). Suppose 4*f = 123 - l. List the prime factors of f.
2, 3, 5
Let x(p) = p - 1. Let b(z) = 8*z - 9. Let y(t) = -2*b(t) + 14*x(t). Suppose -2*f + 5*f = -21. What are the prime factors of y(f)?
2, 3
List the prime factors of 1*(26 + -22 + 710/2).
359
Suppose 0*w = -w. Let c(q) = -3*q - 4. Let n be c(w). What are the prime factors of -4 + 164/4 + n?
3, 11
Let c be 10/6*((-216)/(-10))/6. Suppose -100 = -k - 3*d, -7*k + c*k - d = -90. What are the prime factors of k?
5, 17
Let g = 47 + -42. Let m(x) = 2*x**2 - 3*x + 3. What are the prime factors of m(g)?
2, 19
Let h(b) = 5*b**2 + 3 - 2 + 0*b - b**3 + b. Suppose -t + 2 + 1 = 0, 0 = -3*m + t + 9. What are the prime factors of h(m)?
3, 7
Let v = 398 - 237. What are the prime factors of v?
7, 23
Let p(s) = 57*s**2 - 5*s - 11. Let q(r) = -3*r**2 - 2*r - 1. Let m be q(-1). What are the prime factors of p(m)?
227
Let q = -134 + 79. Let u = q - -93. List the prime factors of u.
2, 19
What are the prime factors of (9/6)/(-8 + (-4322)/(-540))?
3, 5
Let a be (-415)/20 + (-2)/8. Let r = a + 9. What are the prime factors of (-2 - (1 - 2))*r?
2, 3
Let j be (-1 - -135)*-1*1. Let v = j - -222. What are the prime factors of v?
2, 11
Suppose 40 = -4*s + 2*s. Let n = -248 + 251. Let u = n - s. What are the prime factors of u?
23
Suppose -6*r - 317 = -3335. List the prime factors of r.
503
Let b(n) = 43*n - 178. What are the prime factors of b(7)?
3, 41
Let s(i) = i**2 - 4*i - 1. Let y be s(5). Let w be (3 - (-20)/(-6))*-24. Suppose 0 = -y*t + 4 + w. What are the prime factors of t?
3
Let a(g) = -2*g + 1. Let k be a(-2). Let s = k - 3. Suppose -s*x = 4*i + x - 110, -3*i + 4*x + 70 = 0. What are the prime factors of i?
2, 13
Let s = -8 - -22. Suppose 12*l + 194 = s*l. What are the prime factors of l?
97
Let n be (-54)/(-30)*5/3. Suppose 4*w = 4*q, -n*w + q = 2*w + 20. Let y(f) = -f**3 - 3*f**2 + 2*f - 4. What are the prime factors of y(w)?
2, 3
Let w be (267/12)/(11/(-88)). List the prime factors of (w/8)/(-1 + 6/8).
89
Suppose 62*u - 41763 = 15401. List the prime factors of u.
2, 461
Let d be (5/3)/(3/9). Suppose -5*u + 3*w = -291, u + 8 = -d*w + 55. List the prime factors of u.
3, 19
Let b(t) = 2*t - 6. Let u be b(4). Suppose -c + 63 = -6*k + 2*k, 0 = u*c - 2*k - 126. List the prime factors of c.
3, 7
Let l = 325 - -1635. List the prime factors of l.
2, 5, 7
List the prime factors of (-68)/(-3)*2/(36/351).
2, 13, 17
What are the prime factors of 678/2 + (-7)/(28/(-24))?
3, 5, 23
Let b(n) = -n**2 + 7*n + 12. Let y be b(7). Let h(k) = -k**2 + 17*k - 6. What are the prime factors of h(y)?
2, 3
List the prime factors of (-192)/144 - (-10012)/3.
2, 3, 139
Let l = -203 + 292. List the prime factors of l.
89
Let p(q) = -6*q**3 - 56*q**2 + 8*q + 16. List the prime factors of p(-11).
2, 569
Suppose 4*z - 327 = 4*f + 153, -f = 0. What are the prime factors of z?
2, 3, 5
Let p(q) = q - 5. Let z be p(3). Let l(m) = -4*m + 7. Let a(g) = -2. Let k(h) = 4*a(h) + l(h). What are the prime factors of k(z)?
7
Let x(l) = 2*l**3 - 10*l**2 - 10*l - 8. Let o be x(8). Let y = o + -177. List the prime factors of y.
7, 17
Let q = 369 - 120. Suppose -q + 73 = -4*t. What are the prime factors of t?
2, 11
Let r(d) = -3*d**3 + 2*d + 2. Let i be r(-1). Suppose 5*n = 2*h - 145, i*h - n - 175 = -2*n. List the prime factors of h.
2, 3, 5
Let t be (1 + -2)*(0 - 4). Suppose 9 = v + t. Suppose 7 = 3*f + 3*p - 5, 44 = v*f - p. List the prime factors of f.
2
What are the prime factors of (-700)/((-1)/4*(-30)/(-45))?
2, 3, 5, 7
Let i(q) be 